20.171.207.87 - - [06/Jul/2025:01:05:39 -0300] "GET /modulos/_galeria/?path=%2F%2Fproc%2Fself%2Froot%2Fsys%2Fdev%2Fchar%2F247%3A1%2Fdevice%2Fusb1%2F1-1%2F1-1%3A1.0%2F0003%3A0627%3A0001.0001%2Fdriver%2F0003%3A0627%3A0001.0001%2Fhidraw%2Fhidraw0%2Fdevice%2Fdriver%2F0003%3A0627%3A0001.0001%2Fdriver%2F0003%3A0627%3A0001.0001%2Fhidraw%2Fhidraw0%2Fdevice%2Fhidraw%2Fhidraw0%2Fdevice%2Fdriver%2F0003%3A0627%3A0001.0001%2Fdriver%2F0003%3A0627%3A0001.0001%2Fsubsystem%2Fdevices%2F0003%3A0627%3A0001.0001%2Fhidraw%2Fhidraw0%2Fsubsystem%2Fhidraw0%2Fdevice%2Fhidraw%2Fhidraw0%2Fsubsystem%2Fhidraw0%2Fdevice%2Fhidraw%2Fhidraw0%2Fdevice%2Fhidraw%2Fhidraw0%2Fdevice%2Fdriver%2F0003%3A0627%3A0001.0001%2Fsubsystem%2Fdevices%2F0003%3A0627%3A0001.0001%2Fsubsystem%2Fdevices%2F0003%3A0627%3A0001.0001%2Fsubsystem%2Fdrivers%2Fhid-generic%2F0003%3A0627%3A0001.0001 HTTP/1.1" 200 49967 "-" "Mozilla/5.0 AppleWebKit/537.36 (KHTML, like Gecko; compatible; GPTBot/1.2; +https://openai.com/gptbot)"
20.171.207.168 - - [06/Jul/2025:01:05:39 -0300] "GET /index.php?shopdetail/243695189 HTTP/1.1" 200 - "-" "Mozilla/5.0 AppleWebKit/537.36 (KHTML, like Gecko; compatible; GPTBot/1.2; +https://openai.com/gptbot)"
216.73.216.48 - - [06/Jul/2025:01:05:40 -0300] "GET /modulos/_galeria/?aksi=ransom&path=%2F%2Fsys%2Fdevices%2FLNXSYSTM%3A00%2Fdevice%3A00%2FACPI0010%3A00%2Fsubsystem HTTP/1.1" 200 11452 "-" "Mozilla/5.0 AppleWebKit/537.36 (KHTML, like Gecko; compatible; ClaudeBot/1.0; +claudebot@anthropic.com)"
66.249.68.34 - - [06/Jul/2025:01:05:39 -0300] "GET /index.php?shopdetail/268268189 HTTP/1.1" 200 130557 "-" "Mozilla/5.0 (Linux; Android 6.0.1; Nexus 5X Build/MMB29P) AppleWebKit/537.36 (KHTML, like Gecko) Chrome/137.0.7151.103 Mobile Safari/537.36 (compatible; Googlebot/2.1; +http://www.google.com/bot.html)"
20.171.207.87 - - [06/Jul/2025:01:05:40 -0300] "GET /modulos/_galeria/?aksi=buatfolder&path=%2F%2Fproc%2Fself%2Froot%2Fsys%2Fdev%2Fchar%2F247%3A1%2Fdevice%2Fusb1%2F1-1%2F1-1%3A1.0%2F0003%3A0627%3A0001.0001%2Fdriver%2F0003%3A0627%3A0001.0001%2Fhidraw%2Fhidraw0%2Fdevice%2Fdriver%2F0003%3A0627%3A0001.0001%2Fdriver%2F0003%3A0627%3A0001.0001%2Fhidraw%2Fhidraw0%2Fdevice%2Fhidraw%2Fhidraw0%2Fdevice%2Fdriver%2F0003%3A0627%3A0001.0001%2Fdriver%2F0003%3A0627%3A0001.0001%2Fsubsystem%2Fdevices%2F0003%3A0627%3A0001.0001%2Fhidraw%2Fhidraw0%2Fsubsystem%2Fhidraw0%2Fdevice%2Fhidraw%2Fhidraw0%2Fsubsystem%2Fhidraw0%2Fdevice%2Fhidraw%2Fhidraw0%2Fdevice%2Fhidraw%2Fhidraw0%2Fdevice%2Fdriver%2F0003%3A0627%3A0001.0001%2Fsubsystem%2Fdevices%2F0003%3A0627%3A0001.0001%2Fsubsystem%2Fdevices%2F0003%3A0627%3A0001.0001%2Fhidraw%2Fhidraw0%2Fdevice HTTP/1.1" 200 25416 "-" "Mozilla/5.0 AppleWebKit/537.36 (KHTML, like Gecko; compatible; GPTBot/1.2; +https://openai.com/gptbot)"
216.73.216.48 - - [06/Jul/2025:01:05:41 -0300] "GET /modulos/_galeria/?filesrc=%2F%2Fsys%2Fbus%2Fpci%2Fdevices%2F0000%3A00%3A03.0%2Fvendor&path=%2F%2Fsys%2Fbus%2Fpci%2Fdevices%2F0000%3A00%3A03.0 HTTP/1.1" 200 5384 "-" "Mozilla/5.0 AppleWebKit/537.36 (KHTML, like Gecko; compatible; ClaudeBot/1.0; +claudebot@anthropic.com)"
20.171.207.168 - - [06/Jul/2025:01:05:41 -0300] "GET /index.php?shopdetail/360264189 HTTP/1.1" 200 - "-" "Mozilla/5.0 AppleWebKit/537.36 (KHTML, like Gecko; compatible; GPTBot/1.2; +https://openai.com/gptbot)"
216.73.216.48 - - [06/Jul/2025:01:05:42 -0300] "GET /modulos/_galeria/?filesrc=%2F%2Fproc%2F163%2Ftask%2F163%2Fnet%2Fudp6&path=%2F%2Fproc%2F163%2Ftask%2F163%2Fnet HTTP/1.1" 200 5477 "-" "Mozilla/5.0 AppleWebKit/537.36 (KHTML, like Gecko; compatible; ClaudeBot/1.0; +claudebot@anthropic.com)"
20.171.207.87 - - [06/Jul/2025:01:05:42 -0300] "GET /modulos/_galeria/?aksi=ransom&path=%2F%2Fproc%2Fself%2Froot%2Fsys%2Fdev%2Fchar%2F247%3A1%2Fdevice%2Fusb1%2F1-1%2F1-1%3A1.0%2F0003%3A0627%3A0001.0001%2Fdriver%2F0003%3A0627%3A0001.0001%2Fhidraw%2Fhidraw0%2Fdevice%2Fdriver%2F0003%3A0627%3A0001.0001%2Fdriver%2F0003%3A0627%3A0001.0001%2Fhidraw%2Fhidraw0%2Fdevice%2Fhidraw%2Fhidraw0%2Fdevice%2Fdriver%2F0003%3A0627%3A0001.0001%2Fdriver%2F0003%3A0627%3A0001.0001%2Fsubsystem%2Fdevices%2F0003%3A0627%3A0001.0001%2Fhidraw%2Fhidraw0%2Fsubsystem%2Fhidraw0%2Fdevice%2Fhidraw%2Fhidraw0%2Fsubsystem%2Fhidraw0%2Fdevice%2Fhidraw%2Fhidraw0%2Fdevice%2Fhidraw%2Fhidraw0%2Fdevice%2Fdriver%2F0003%3A0627%3A0001.0001%2Fsubsystem%2Fdevices%2F0003%3A0627%3A0001.0001%2Fsubsystem%2Fdevices%2F0003%3A0627%3A0001.0001%2Fhidraw%2Fhidraw0%2Fpower HTTP/1.1" 200 54302 "-" "Mozilla/5.0 AppleWebKit/537.36 (KHTML, like Gecko; compatible; GPTBot/1.2; +https://openai.com/gptbot)"
20.171.207.168 - - [06/Jul/2025:01:05:42 -0300] "GET /index.php?shopdetail/217236589 HTTP/1.1" 200 - "-" "Mozilla/5.0 AppleWebKit/537.36 (KHTML, like Gecko; compatible; GPTBot/1.2; +https://openai.com/gptbot)"
216.73.216.48 - - [06/Jul/2025:01:05:43 -0300] "GET /modulos/_galeria/?filesrc=%2F%2Fsys%2Fdev%2Fchar%2F4%3A66%2Fpower%2Fwakeup_active&path=%2F%2Fsys%2Fdev%2Fchar%2F4%3A66%2Fpower HTTP/1.1" 200 5330 "-" "Mozilla/5.0 AppleWebKit/537.36 (KHTML, like Gecko; compatible; ClaudeBot/1.0; +claudebot@anthropic.com)"
20.171.207.87 - - [06/Jul/2025:01:05:43 -0300] "GET /modulos/_galeria/?aksi=ransom&path=%2F%2Fproc%2Fself%2Froot%2Fsys%2Fdev%2Fchar%2F247%3A1%2Fdevice%2Fusb1%2F1-1%2F1-1%3A1.0%2F0003%3A0627%3A0001.0001%2Fdriver%2F0003%3A0627%3A0001.0001%2Fhidraw%2Fhidraw0%2Fdevice%2Fdriver%2F0003%3A0627%3A0001.0001%2Fdriver%2F0003%3A0627%3A0001.0001%2Fhidraw%2Fhidraw0%2Fdevice%2Fhidraw%2Fhidraw0%2Fdevice%2Fdriver%2F0003%3A0627%3A0001.0001%2Fdriver%2F0003%3A0627%3A0001.0001%2Fsubsystem%2Fdevices%2F0003%3A0627%3A0001.0001%2Fhidraw%2Fhidraw0%2Fsubsystem%2Fhidraw0%2Fdevice%2Fhidraw%2Fhidraw0%2Fsubsystem%2Fhidraw0%2Fdevice%2Fhidraw%2Fhidraw0%2Fdevice%2Fhidraw%2Fhidraw0%2Fdevice%2Fdriver%2F0003%3A0627%3A0001.0001%2Fsubsystem%2Fdevices%2F0003%3A0627%3A0001.0001%2Fsubsystem%2Fdevices%2F0003%3A0627%3A0001.0001%2Fhidraw%2Fhidraw0%2Fdevice HTTP/1.1" 200 48441 "-" "Mozilla/5.0 AppleWebKit/537.36 (KHTML, like Gecko; compatible; GPTBot/1.2; +https://openai.com/gptbot)"
20.171.207.168 - - [06/Jul/2025:01:05:43 -0300] "GET /index.php?shopdetail/204171689 HTTP/1.1" 200 - "-" "Mozilla/5.0 AppleWebKit/537.36 (KHTML, like Gecko; compatible; GPTBot/1.2; +https://openai.com/gptbot)"
216.73.216.48 - - [06/Jul/2025:01:05:44 -0300] "GET /modulos/_galeria/?path=%2F%2Fsys%2Fdev%2Fchar%2F13%3A63%2Fsubsystem%2Fevent1%2Fsubsystem%2Finput1 HTTP/1.1" 200 21863 "-" "Mozilla/5.0 AppleWebKit/537.36 (KHTML, like Gecko; compatible; ClaudeBot/1.0; +claudebot@anthropic.com)"
20.171.207.87 - - [06/Jul/2025:01:05:44 -0300] "GET /modulos/_galeria/?aksi=buatfile&path=%2F%2Fproc%2Fself%2Froot%2Fsys%2Fdev%2Fchar%2F247%3A1%2Fdevice%2Fusb1%2F1-1%2F1-1%3A1.0%2F0003%3A0627%3A0001.0001%2Fdriver%2F0003%3A0627%3A0001.0001%2Fhidraw%2Fhidraw0%2Fdevice%2Fdriver%2F0003%3A0627%3A0001.0001%2Fdriver%2F0003%3A0627%3A0001.0001%2Fhidraw%2Fhidraw0%2Fdevice%2Fhidraw%2Fhidraw0%2Fdevice%2Fdriver%2F0003%3A0627%3A0001.0001%2Fdriver%2F0003%3A0627%3A0001.0001%2Fsubsystem%2Fdevices%2F0003%3A0627%3A0001.0001%2Fhidraw%2Fhidraw0%2Fsubsystem%2Fhidraw0%2Fdevice%2Fhidraw%2Fhidraw0%2Fsubsystem%2Fhidraw0%2Fdevice%2Fhidraw%2Fhidraw0%2Fdevice%2Fhidraw%2Fhidraw0%2Fdevice%2Fdriver%2F0003%3A0627%3A0001.0001%2Fsubsystem%2Fdevices%2F0003%3A0627%3A0001.0001%2Fsubsystem%2Fdevices%2F0003%3A0627%3A0001.0001%2Fhidraw%2Fhidraw0%2Fdevice HTTP/1.1" 200 48441 "-" "Mozilla/5.0 AppleWebKit/537.36 (KHTML, like Gecko; compatible; GPTBot/1.2; +https://openai.com/gptbot)"
20.171.207.168 - - [06/Jul/2025:01:05:44 -0300] "GET /index.php?shopdetail/302125689 HTTP/1.1" 200 - "-" "Mozilla/5.0 AppleWebKit/537.36 (KHTML, like Gecko; compatible; GPTBot/1.2; +https://openai.com/gptbot)"
216.73.216.48 - - [06/Jul/2025:01:05:45 -0300] "GET /modulos/_galeria/?path=%2F%2Fsys%2Fdev%2Fchar%2F13%3A63%2Fsubsystem%2Finput1%2Fsubsystem%2Fevent1 HTTP/1.1" 200 11221 "-" "Mozilla/5.0 AppleWebKit/537.36 (KHTML, like Gecko; compatible; ClaudeBot/1.0; +claudebot@anthropic.com)"
20.171.207.87 - - [06/Jul/2025:01:05:45 -0300] "GET /modulos/_galeria/?path=%2F%2Fproc%2Fself%2Froot%2Fsys%2Fdev%2Fchar%2F247%3A1%2Fdevice%2Fusb1%2F1-1%2F1-1%3A1.0%2F0003%3A0627%3A0001.0001%2Fdriver%2F0003%3A0627%3A0001.0001%2Fhidraw%2Fhidraw0%2Fdevice%2Fdriver%2F0003%3A0627%3A0001.0001%2Fdriver%2F0003%3A0627%3A0001.0001%2Fhidraw%2Fhidraw0%2Fdevice%2Fhidraw%2Fhidraw0%2Fdevice%2Fdriver%2F0003%3A0627%3A0001.0001%2Fdriver%2F0003%3A0627%3A0001.0001%2Fsubsystem%2Fdevices%2F0003%3A0627%3A0001.0001%2Fhidraw%2Fhidraw0%2Fsubsystem%2Fhidraw0%2Fdevice%2Fhidraw%2Fhidraw0%2Fsubsystem%2Fhidraw0%2Fdevice%2Fhidraw%2Fhidraw0%2Fdevice%2Fhidraw%2Fhidraw0%2Fdevice%2Fdriver%2F0003%3A0627%3A0001.0001%2Fsubsystem%2Fdevices%2F0003%3A0627%3A0001.0001%2Fsubsystem%2Fdevices%2F0003%3A0627%3A0001.0001%2Fhidraw%2Fhidraw0%2Fdevice%2Fhidraw HTTP/1.1" 200 28723 "-" "Mozilla/5.0 AppleWebKit/537.36 (KHTML, like Gecko; compatible; GPTBot/1.2; +https://openai.com/gptbot)"
20.171.207.168 - - [06/Jul/2025:01:05:45 -0300] "GET /index.php?shopdetail/360491789 HTTP/1.1" 200 - "-" "Mozilla/5.0 AppleWebKit/537.36 (KHTML, like Gecko; compatible; GPTBot/1.2; +https://openai.com/gptbot)"
216.73.216.48 - - [06/Jul/2025:01:05:46 -0300] "GET /modulos/_galeria/?path=%2F%2Fsys%2Fdev%2Fchar%2F13%3A63%2Fsubsystem%2Fjs0%2Fdevice%2Fmouse0 HTTP/1.1" 200 11080 "-" "Mozilla/5.0 AppleWebKit/537.36 (KHTML, like Gecko; compatible; ClaudeBot/1.0; +claudebot@anthropic.com)"
20.171.207.87 - - [06/Jul/2025:01:05:46 -0300] "GET /modulos/_galeria/?path=%2F%2Fproc%2Fself%2Froot%2Fsys%2Fdev%2Fchar%2F247%3A1%2Fdevice%2Fusb1%2F1-1%2F1-1%3A1.0%2F0003%3A0627%3A0001.0001%2Fdriver%2F0003%3A0627%3A0001.0001%2Fhidraw%2Fhidraw0%2Fdevice%2Fdriver%2F0003%3A0627%3A0001.0001%2Fdriver%2F0003%3A0627%3A0001.0001%2Fhidraw%2Fhidraw0%2Fdevice%2Fhidraw%2Fhidraw0%2Fdevice%2Fdriver%2F0003%3A0627%3A0001.0001%2Fdriver%2F0003%3A0627%3A0001.0001%2Fsubsystem%2Fdevices%2F0003%3A0627%3A0001.0001%2Fhidraw%2Fhidraw0%2Fsubsystem%2Fhidraw0%2Fdevice%2Fhidraw%2Fhidraw0%2Fsubsystem%2Fhidraw0%2Fdevice%2Fhidraw%2Fhidraw0%2Fdevice%2Fhidraw%2Fhidraw0%2Fdevice%2Fdriver%2F0003%3A0627%3A0001.0001%2Fsubsystem%2Fdevices%2F0003%3A0627%3A0001.0001%2Fsubsystem%2Fdevices%2F0003%3A0627%3A0001.0001%2Fhidraw%2Fhidraw0%2Fdevice%2Fdriver HTTP/1.1" 200 41639 "-" "Mozilla/5.0 AppleWebKit/537.36 (KHTML, like Gecko; compatible; GPTBot/1.2; +https://openai.com/gptbot)"
20.171.207.168 - - [06/Jul/2025:01:05:46 -0300] "GET /index.php?shopdetail/309125789 HTTP/1.1" 200 - "-" "Mozilla/5.0 AppleWebKit/537.36 (KHTML, like Gecko; compatible; GPTBot/1.2; +https://openai.com/gptbot)"
216.73.216.48 - - [06/Jul/2025:01:05:47 -0300] "GET /modulos/_galeria/?path=%2F%2Fsys%2Fdev%2Fchar%2F13%3A63%2Fsubsystem%2Fmouse0%2Fdevice%2Fjs0 HTTP/1.1" 200 11086 "-" "Mozilla/5.0 AppleWebKit/537.36 (KHTML, like Gecko; compatible; ClaudeBot/1.0; +claudebot@anthropic.com)"
20.171.207.87 - - [06/Jul/2025:01:05:47 -0300] "GET /modulos/_galeria/?path=%2F%2Fproc%2Fself%2Froot%2Fsys%2Fdev%2Fchar%2F247%3A1%2Fdevice%2Fusb1%2F1-1%2F1-1%3A1.0%2F0003%3A0627%3A0001.0001%2Fdriver%2F0003%3A0627%3A0001.0001%2Fhidraw%2Fhidraw0%2Fdevice%2Fdriver%2F0003%3A0627%3A0001.0001%2Fdriver%2F0003%3A0627%3A0001.0001%2Fhidraw%2Fhidraw0%2Fdevice%2Fhidraw%2Fhidraw0%2Fdevice%2Fdriver%2F0003%3A0627%3A0001.0001%2Fdriver%2F0003%3A0627%3A0001.0001%2Fsubsystem%2Fdevices%2F0003%3A0627%3A0001.0001%2Fhidraw%2Fhidraw0%2Fsubsystem%2Fhidraw0%2Fdevice%2Fhidraw%2Fhidraw0%2Fsubsystem%2Fhidraw0%2Fdevice%2Fhidraw%2Fhidraw0%2Fdevice%2Fhidraw%2Fhidraw0%2Fdevice%2Fdriver%2F0003%3A0627%3A0001.0001%2Fsubsystem%2Fdevices%2F0003%3A0627%3A0001.0001%2Fsubsystem%2Fdevices%2F0003%3A0627%3A0001.0001%2Fhidraw%2Fhidraw0%2Fdevice%2Fpower HTTP/1.1" 200 55177 "-" "Mozilla/5.0 AppleWebKit/537.36 (KHTML, like Gecko; compatible; GPTBot/1.2; +https://openai.com/gptbot)"
216.73.216.48 - - [06/Jul/2025:01:05:48 -0300] "GET /modulos/_galeria/?filesrc=%2F%2Fproc%2F30478%2Ftask%2F30478%2Fnet%2Fdev_mcast&path=%2F%2Fproc%2F30478%2Ftask%2F30478%2Fnet HTTP/1.1" 200 5532 "-" "Mozilla/5.0 AppleWebKit/537.36 (KHTML, like Gecko; compatible; ClaudeBot/1.0; +claudebot@anthropic.com)"
20.171.207.168 - - [06/Jul/2025:01:05:48 -0300] "GET /index.php?shopdetail/203127489 HTTP/1.1" 200 - "-" "Mozilla/5.0 AppleWebKit/537.36 (KHTML, like Gecko; compatible; GPTBot/1.2; +https://openai.com/gptbot)"
20.171.207.87 - - [06/Jul/2025:01:05:48 -0300] "GET /modulos/_galeria/?path=%2F%2Fproc%2Fself%2Froot%2Fsys%2Fdev%2Fchar%2F247%3A1%2Fdevice%2Fusb1%2F1-1%2F1-1%3A1.0%2F0003%3A0627%3A0001.0001%2Fdriver%2F0003%3A0627%3A0001.0001%2Fhidraw%2Fhidraw0%2Fdevice%2Fdriver%2F0003%3A0627%3A0001.0001%2Fdriver%2F0003%3A0627%3A0001.0001%2Fhidraw%2Fhidraw0%2Fdevice%2Fhidraw%2Fhidraw0%2Fdevice%2Fdriver%2F0003%3A0627%3A0001.0001%2Fdriver%2F0003%3A0627%3A0001.0001%2Fsubsystem%2Fdevices%2F0003%3A0627%3A0001.0001%2Fhidraw%2Fhidraw0%2Fsubsystem%2Fhidraw0%2Fdevice%2Fhidraw%2Fhidraw0%2Fsubsystem%2Fhidraw0%2Fdevice%2Fhidraw%2Fhidraw0%2Fdevice%2Fhidraw%2Fhidraw0%2Fdevice%2Fdriver%2F0003%3A0627%3A0001.0001%2Fsubsystem%2Fdevices%2F0003%3A0627%3A0001.0001%2Fsubsystem%2Fdevices%2F0003%3A0627%3A0001.0001%2Fdriver%2F0003%3A0627%3A0001.0001%2Fsubsystem%2Fdrivers HTTP/1.1" 200 65580 "-" "Mozilla/5.0 AppleWebKit/537.36 (KHTML, like Gecko; compatible; GPTBot/1.2; +https://openai.com/gptbot)"
216.73.216.48 - - [06/Jul/2025:01:05:49 -0300] "GET /modulos/_galeria/?filesrc=%2F%2Fproc%2F963%2Ftask%2F963%2Fattr%2Fprev&path=%2F%2Fproc%2F963%2Ftask%2F963%2Fattr HTTP/1.1" 200 5317 "-" "Mozilla/5.0 AppleWebKit/537.36 (KHTML, like Gecko; compatible; ClaudeBot/1.0; +claudebot@anthropic.com)"
20.171.207.168 - - [06/Jul/2025:01:05:49 -0300] "GET /index.php?shopdetail/144367589 HTTP/1.1" 200 - "-" "Mozilla/5.0 AppleWebKit/537.36 (KHTML, like Gecko; compatible; GPTBot/1.2; +https://openai.com/gptbot)"
216.73.216.48 - - [06/Jul/2025:01:05:50 -0300] "GET /modulos/_galeria/?filesrc=%2F%2Fproc%2F501%2Ftask%2F541%2Fnet%2Fip6_mr_vif&path=%2F%2Fproc%2F501%2Ftask%2F541%2Fnet HTTP/1.1" 200 5372 "-" "Mozilla/5.0 AppleWebKit/537.36 (KHTML, like Gecko; compatible; ClaudeBot/1.0; +claudebot@anthropic.com)"
20.171.207.87 - - [06/Jul/2025:01:05:50 -0300] "GET /modulos/_galeria/?path=%2F%2Fproc%2Fself%2Froot%2Fsys%2Fdev%2Fchar%2F247%3A1%2Fdevice%2Fusb1%2F1-1%2F1-1%3A1.0%2F0003%3A0627%3A0001.0001%2Fdriver%2F0003%3A0627%3A0001.0001%2Fhidraw%2Fhidraw0%2Fdevice%2Fdriver%2F0003%3A0627%3A0001.0001%2Fdriver%2F0003%3A0627%3A0001.0001%2Fhidraw%2Fhidraw0%2Fdevice%2Fhidraw%2Fhidraw0%2Fdevice%2Fdriver%2F0003%3A0627%3A0001.0001%2Fdriver%2F0003%3A0627%3A0001.0001%2Fsubsystem%2Fdevices%2F0003%3A0627%3A0001.0001%2Fhidraw%2Fhidraw0%2Fsubsystem%2Fhidraw0%2Fdevice%2Fhidraw%2Fhidraw0%2Fsubsystem%2Fhidraw0%2Fdevice%2Fhidraw%2Fhidraw0%2Fdevice%2Fhidraw%2Fhidraw0%2Fdevice%2Fdriver%2F0003%3A0627%3A0001.0001%2Fhidraw%2Fhidraw0%2Fdevice%2Fsubsystem%2Fdevices%2F0003%3A0627%3A0001.0001%2Fdriver%2F0003%3A0627%3A0001.0001%2Fdriver%2F0003%3A0627%3A0001.0001%2Fhidraw%2Fhidraw0%2Fpower HTTP/1.1" 200 58188 "-" "Mozilla/5.0 AppleWebKit/537.36 (KHTML, like Gecko; compatible; GPTBot/1.2; +https://openai.com/gptbot)"
20.171.207.168 - - [06/Jul/2025:01:05:50 -0300] "GET /index.php?shopdetail/365274589 HTTP/1.1" 200 - "-" "Mozilla/5.0 AppleWebKit/537.36 (KHTML, like Gecko; compatible; GPTBot/1.2; +https://openai.com/gptbot)"
216.73.216.48 - - [06/Jul/2025:01:05:51 -0300] "GET /modulos/_galeria/?filesrc=%2F%2Fproc%2F8%2Ftask%2F8%2Fnet%2Funix&path=%2F%2Fproc%2F8%2Ftask%2F8%2Fnet HTTP/1.1" 200 23121 "-" "Mozilla/5.0 AppleWebKit/537.36 (KHTML, like Gecko; compatible; ClaudeBot/1.0; +claudebot@anthropic.com)"
20.171.207.87 - - [06/Jul/2025:01:05:51 -0300] "GET /modulos/_galeria/?path=%2F%2Fproc%2Fself%2Froot%2Fsys%2Fdev%2Fchar%2F247%3A1%2Fdevice%2Fusb1%2F1-1%2F1-1%3A1.0%2F0003%3A0627%3A0001.0001%2Fdriver%2F0003%3A0627%3A0001.0001%2Fhidraw%2Fhidraw0%2Fdevice%2Fdriver%2F0003%3A0627%3A0001.0001%2Fdriver%2F0003%3A0627%3A0001.0001%2Fhidraw%2Fhidraw0%2Fdevice%2Fhidraw%2Fhidraw0%2Fdevice%2Fdriver%2F0003%3A0627%3A0001.0001%2Fdriver%2F0003%3A0627%3A0001.0001%2Fsubsystem%2Fdevices%2F0003%3A0627%3A0001.0001%2Fhidraw%2Fhidraw0%2Fsubsystem%2Fhidraw0%2Fdevice%2Fhidraw%2Fhidraw0%2Fsubsystem%2Fhidraw0%2Fdevice%2Fhidraw%2Fhidraw0%2Fdevice%2Fhidraw%2Fhidraw0%2Fdevice%2Fdriver%2F0003%3A0627%3A0001.0001%2Fsubsystem%2Fdevices%2F0003%3A0627%3A0001.0001%2Fsubsystem%2Fdevices%2F0003%3A0627%3A0001.0001%2Fsubsystem%2Fdrivers%2Fhid-generic%2F0003%3A0627%3A0001.0001%2Fsubsystem HTTP/1.1" 200 42341 "-" "Mozilla/5.0 AppleWebKit/537.36 (KHTML, like Gecko; compatible; GPTBot/1.2; +https://openai.com/gptbot)"
20.171.207.168 - - [06/Jul/2025:01:05:51 -0300] "GET /index.php?shopdetail/163548289 HTTP/1.1" 200 - "-" "Mozilla/5.0 AppleWebKit/537.36 (KHTML, like Gecko; compatible; GPTBot/1.2; +https://openai.com/gptbot)"
216.73.216.48 - - [06/Jul/2025:01:05:52 -0300] "GET /modulos/_galeria/?filesrc=%2F%2Flib64%2Frsyslog%2Fmmanon.so&path=%2F%2Flib64%2Frsyslog HTTP/1.1" 200 5162 "-" "Mozilla/5.0 AppleWebKit/537.36 (KHTML, like Gecko; compatible; ClaudeBot/1.0; +claudebot@anthropic.com)"
20.171.207.87 - - [06/Jul/2025:01:05:52 -0300] "GET /modulos/_galeria/?path=%2F%2Fproc%2Fself%2Froot%2Fsys%2Fdev%2Fchar%2F247%3A1%2Fdevice%2Fusb1%2F1-1%2F1-1%3A1.0%2F0003%3A0627%3A0001.0001%2Fdriver%2F0003%3A0627%3A0001.0001%2Fhidraw%2Fhidraw0%2Fdevice%2Fdriver%2F0003%3A0627%3A0001.0001%2Fdriver%2F0003%3A0627%3A0001.0001%2Fhidraw%2Fhidraw0%2Fdevice%2Fhidraw%2Fhidraw0%2Fdevice%2Fdriver%2F0003%3A0627%3A0001.0001%2Fdriver%2F0003%3A0627%3A0001.0001%2Fsubsystem%2Fdevices%2F0003%3A0627%3A0001.0001%2Fhidraw%2Fhidraw0%2Fsubsystem%2Fhidraw0%2Fdevice%2Fhidraw%2Fhidraw0%2Fsubsystem%2Fhidraw0%2Fdevice%2Fhidraw%2Fhidraw0%2Fdevice%2Fhidraw%2Fhidraw0%2Fdevice%2Fdriver%2F0003%3A0627%3A0001.0001%2Fsubsystem%2Fdevices%2F0003%3A0627%3A0001.0001%2Fsubsystem%2Fdevices%2F0003%3A0627%3A0001.0001%2Fsubsystem%2Fdrivers%2Fhid-generic%2F0003%3A0627%3A0001.0001%2Fhidraw HTTP/1.1" 200 29577 "-" "Mozilla/5.0 AppleWebKit/537.36 (KHTML, like Gecko; compatible; GPTBot/1.2; +https://openai.com/gptbot)"
20.171.207.168 - - [06/Jul/2025:01:05:52 -0300] "GET /index.php?shopdetail/190547389 HTTP/1.1" 200 - "-" "Mozilla/5.0 AppleWebKit/537.36 (KHTML, like Gecko; compatible; GPTBot/1.2; +https://openai.com/gptbot)"
216.73.216.48 - - [06/Jul/2025:01:05:53 -0300] "GET /modulos/_galeria/?filesrc=%2F%2Fsys%2Fdev%2Fchar%2F4%3A58%2Fpower%2Fruntime_suspended_time&path=%2F%2Fsys%2Fdev%2Fchar%2F4%3A58%2Fpower HTTP/1.1" 200 5340 "-" "Mozilla/5.0 AppleWebKit/537.36 (KHTML, like Gecko; compatible; ClaudeBot/1.0; +claudebot@anthropic.com)"
20.171.207.87 - - [06/Jul/2025:01:05:53 -0300] "GET /modulos/_galeria/?path=%2F%2Fproc%2Fself%2Froot%2Fsys%2Fdev%2Fchar%2F247%3A1%2Fdevice%2Fusb1%2F1-1%2F1-1%3A1.0%2F0003%3A0627%3A0001.0001%2Fdriver%2F0003%3A0627%3A0001.0001%2Fhidraw%2Fhidraw0%2Fdevice%2Fdriver%2F0003%3A0627%3A0001.0001%2Fdriver%2F0003%3A0627%3A0001.0001%2Fhidraw%2Fhidraw0%2Fdevice%2Fhidraw%2Fhidraw0%2Fdevice%2Fdriver%2F0003%3A0627%3A0001.0001%2Fdriver%2F0003%3A0627%3A0001.0001%2Fsubsystem%2Fdevices%2F0003%3A0627%3A0001.0001%2Fhidraw%2Fhidraw0%2Fsubsystem%2Fhidraw0%2Fdevice%2Fhidraw%2Fhidraw0%2Fsubsystem%2Fhidraw0%2Fdevice%2Fdriver%2F0003%3A0627%3A0001.0001%2Fhidraw%2Fhidraw0%2Fsubsystem%2Fhidraw0%2Fsubsystem%2Fhidraw0%2Fdevice%2Fdriver%2F0003%3A0627%3A0001.0001%2Fdriver%2F0003%3A0627%3A0001.0001%2Fdriver%2F0003%3A0627%3A0001.0001%2Fsubsystem%2Fdrivers%2Fapple%2Fmodule%2Fdrivers HTTP/1.1" 200 27678 "-" "Mozilla/5.0 AppleWebKit/537.36 (KHTML, like Gecko; compatible; GPTBot/1.2; +https://openai.com/gptbot)"
20.171.207.168 - - [06/Jul/2025:01:05:54 -0300] "GET /index.php?shopdetail/134507189 HTTP/1.1" 200 - "-" "Mozilla/5.0 AppleWebKit/537.36 (KHTML, like Gecko; compatible; GPTBot/1.2; +https://openai.com/gptbot)"
20.171.207.87 - - [06/Jul/2025:01:05:54 -0300] "GET /modulos/_galeria/?path=%2F%2Fproc%2Fself%2Froot%2Fsys%2Fdev%2Fchar%2F247%3A1%2Fdevice%2Fusb1%2F1-1%2F1-1%3A1.0%2F0003%3A0627%3A0001.0001%2Fdriver%2F0003%3A0627%3A0001.0001%2Fhidraw%2Fhidraw0%2Fdevice%2Fdriver%2F0003%3A0627%3A0001.0001%2Fdriver%2F0003%3A0627%3A0001.0001%2Fhidraw%2Fhidraw0%2Fdevice%2Fhidraw%2Fhidraw0%2Fdevice%2Fdriver%2F0003%3A0627%3A0001.0001%2Fdriver%2F0003%3A0627%3A0001.0001%2Fsubsystem%2Fdevices%2F0003%3A0627%3A0001.0001%2Fhidraw%2Fhidraw0%2Fsubsystem%2Fhidraw0%2Fdevice%2Fhidraw%2Fhidraw0%2Fsubsystem%2Fhidraw0%2Fdevice%2Fhidraw%2Fhidraw0%2Fdevice%2Fhidraw%2Fhidraw0%2Fdevice%2Fdriver%2F0003%3A0627%3A0001.0001%2Fsubsystem%2Fdrivers%2Fhid-generic%2F0003%3A0627%3A0001.0001%2Fhidraw%2Fhidraw0%2Fpower HTTP/1.1" 200 52066 "-" "Mozilla/5.0 AppleWebKit/537.36 (KHTML, like Gecko; compatible; GPTBot/1.2; +https://openai.com/gptbot)"
20.171.207.168 - - [06/Jul/2025:01:05:55 -0300] "GET /index.php?shopdetail/231374689 HTTP/1.1" 200 - "-" "Mozilla/5.0 AppleWebKit/537.36 (KHTML, like Gecko; compatible; GPTBot/1.2; +https://openai.com/gptbot)"
20.171.207.87 - - [06/Jul/2025:01:05:55 -0300] "GET /modulos/_galeria/?path=%2F%2Fproc%2Fself%2Froot%2Fsys%2Fdev%2Fchar%2F247%3A1%2Fdevice%2Fusb1%2F1-1%2F1-1%3A1.0%2F0003%3A0627%3A0001.0001%2Fdriver%2F0003%3A0627%3A0001.0001%2Fhidraw%2Fhidraw0%2Fdevice%2Fdriver%2F0003%3A0627%3A0001.0001%2Fdriver%2F0003%3A0627%3A0001.0001%2Fhidraw%2Fhidraw0%2Fdevice%2Fhidraw%2Fhidraw0%2Fdevice%2Fdriver%2F0003%3A0627%3A0001.0001%2Fdriver%2F0003%3A0627%3A0001.0001%2Fsubsystem%2Fdevices%2F0003%3A0627%3A0001.0001%2Fhidraw%2Fhidraw0%2Fsubsystem%2Fhidraw0%2Fdevice%2Fhidraw%2Fhidraw0%2Fsubsystem%2Fhidraw0%2Fdevice%2Fdriver%2F0003%3A0627%3A0001.0001%2Fhidraw%2Fhidraw0%2Fsubsystem%2Fhidraw0%2Fdevice%2Fsubsystem%2Fdevices%2F0003%3A0627%3A0001.0001%2Fsubsystem%2Fdevices%2F0003%3A0627%3A0001.0001%2Fdriver%2F0003%3A0627%3A0001.0001%2Fdriver%2F0003%3A0627%3A0001.0001%2Fhidraw HTTP/1.1" 200 29145 "-" "Mozilla/5.0 AppleWebKit/537.36 (KHTML, like Gecko; compatible; GPTBot/1.2; +https://openai.com/gptbot)"
20.171.207.168 - - [06/Jul/2025:01:05:56 -0300] "GET /index.php?shopdetail/157690489 HTTP/1.1" 200 - "-" "Mozilla/5.0 AppleWebKit/537.36 (KHTML, like Gecko; compatible; GPTBot/1.2; +https://openai.com/gptbot)"
20.171.207.87 - - [06/Jul/2025:01:05:56 -0300] "GET /modulos/_galeria/?path=%2F%2Fproc%2Fself%2Froot%2Fsys%2Fdev%2Fchar%2F247%3A1%2Fdevice%2Fusb1%2F1-1%2F1-1%3A1.0%2F0003%3A0627%3A0001.0001%2Fdriver%2F0003%3A0627%3A0001.0001%2Fhidraw%2Fhidraw0%2Fdevice%2Fdriver%2F0003%3A0627%3A0001.0001%2Fdriver%2F0003%3A0627%3A0001.0001%2Fhidraw%2Fhidraw0%2Fdevice%2Fhidraw%2Fhidraw0%2Fdevice%2Fdriver%2F0003%3A0627%3A0001.0001%2Fdriver%2F0003%3A0627%3A0001.0001%2Fsubsystem%2Fdevices%2F0003%3A0627%3A0001.0001%2Fhidraw%2Fhidraw0%2Fsubsystem%2Fhidraw0%2Fdevice%2Fhidraw%2Fhidraw0%2Fsubsystem%2Fhidraw0%2Fdevice%2Fhidraw%2Fhidraw0%2Fdevice%2Fhidraw%2Fhidraw0%2Fdevice%2Fdriver%2F0003%3A0627%3A0001.0001%2Fsubsystem%2Fdevices%2F0003%3A0627%3A0001.0001%2Fsubsystem%2Fdevices%2F0003%3A0627%3A0001.0001%2Fhidraw%2Fhidraw0%2Fdevice%2Fhidraw HTTP/1.1" 200 28723 "-" "Mozilla/5.0 AppleWebKit/537.36 (KHTML, like Gecko; compatible; GPTBot/1.2; +https://openai.com/gptbot)"
66.249.68.34 - - [06/Jul/2025:01:05:56 -0300] "GET /index.php?shopdetail/159822189 HTTP/1.1" 200 128618 "-" "Mozilla/5.0 (Linux; Android 6.0.1; Nexus 5X Build/MMB29P) AppleWebKit/537.36 (KHTML, like Gecko) Chrome/137.0.7151.103 Mobile Safari/537.36 (compatible; Googlebot/2.1; +http://www.google.com/bot.html)"
20.171.207.168 - - [06/Jul/2025:01:05:57 -0300] "GET /index.php?shopdetail/254621389 HTTP/1.1" 200 - "-" "Mozilla/5.0 AppleWebKit/537.36 (KHTML, like Gecko; compatible; GPTBot/1.2; +https://openai.com/gptbot)"
20.171.207.87 - - [06/Jul/2025:01:05:58 -0300] "GET /modulos/_galeria/?aksi=buatfile&path=%2F%2Fproc%2Fself%2Froot%2Fsys%2Fdev%2Fchar%2F247%3A1%2Fdevice%2Fusb1%2F1-1%2F1-1%3A1.0%2F0003%3A0627%3A0001.0001%2Fdriver%2F0003%3A0627%3A0001.0001%2Fhidraw%2Fhidraw0%2Fdevice%2Fdriver%2F0003%3A0627%3A0001.0001%2Fdriver%2F0003%3A0627%3A0001.0001%2Fhidraw%2Fhidraw0%2Fdevice%2Fhidraw%2Fhidraw0%2Fdevice%2Fdriver%2F0003%3A0627%3A0001.0001%2Fdriver%2F0003%3A0627%3A0001.0001%2Fsubsystem%2Fdevices%2F0003%3A0627%3A0001.0001%2Fhidraw%2Fhidraw0%2Fsubsystem%2Fhidraw0%2Fdevice%2Fhidraw%2Fhidraw0%2Fsubsystem%2Fhidraw0%2Fdevice%2Fhidraw%2Fhidraw0%2Fdevice%2Fhidraw%2Fhidraw0%2Fdevice%2Fdriver%2F0003%3A0627%3A0001.0001%2Fsubsystem%2Fdevices%2F0003%3A0627%3A0001.0001%2Fsubsystem%2Fdevices%2F0003%3A0627%3A0001.0001%2Fhidraw%2Fhidraw0%2Fdevice%2Fhidraw HTTP/1.1" 200 28723 "-" "Mozilla/5.0 AppleWebKit/537.36 (KHTML, like Gecko; compatible; GPTBot/1.2; +https://openai.com/gptbot)"
20.171.207.168 - - [06/Jul/2025:01:05:58 -0300] "GET /index.php?shopdetail/310459689 HTTP/1.1" 200 - "-" "Mozilla/5.0 AppleWebKit/537.36 (KHTML, like Gecko; compatible; GPTBot/1.2; +https://openai.com/gptbot)"
216.73.216.48 - - [06/Jul/2025:01:05:58 -0300] "GET /modulos/_galeria/?path=%2F%2Fsys%2Fdev%2Fchar%2F13%3A68%2Fsubsystem%2Fevent2%2Fdevice%2Fevent2 HTTP/1.1" 200 11152 "-" "Mozilla/5.0 AppleWebKit/537.36 (KHTML, like Gecko; compatible; ClaudeBot/1.0; +claudebot@anthropic.com)"
20.171.207.87 - - [06/Jul/2025:01:05:59 -0300] "GET /modulos/_galeria/?aksi=buatfile&path=%2F%2Fproc%2Fself%2Froot%2Fsys%2Fdev%2Fchar%2F247%3A1%2Fdevice%2Fusb1%2F1-1%2F1-1%3A1.0%2F0003%3A0627%3A0001.0001%2Fdriver%2F0003%3A0627%3A0001.0001%2Fhidraw%2Fhidraw0%2Fdevice%2Fdriver%2F0003%3A0627%3A0001.0001%2Fdriver%2F0003%3A0627%3A0001.0001%2Fhidraw%2Fhidraw0%2Fdevice%2Fhidraw%2Fhidraw0%2Fdevice%2Fdriver%2F0003%3A0627%3A0001.0001%2Fdriver%2F0003%3A0627%3A0001.0001%2Fsubsystem%2Fdevices%2F0003%3A0627%3A0001.0001%2Fhidraw%2Fhidraw0%2Fsubsystem%2Fhidraw0%2Fdevice%2Fhidraw%2Fhidraw0%2Fsubsystem%2Fhidraw0%2Fdevice%2Fhidraw%2Fhidraw0%2Fdevice%2Fhidraw%2Fhidraw0%2Fdevice%2Fdriver%2F0003%3A0627%3A0001.0001%2Fsubsystem%2Fdevices%2F0003%3A0627%3A0001.0001%2Fsubsystem%2Fdevices%2F0003%3A0627%3A0001.0001%2Fhidraw%2Fhidraw0%2Fdevice%2Fdriver HTTP/1.1" 200 41639 "-" "Mozilla/5.0 AppleWebKit/537.36 (KHTML, like Gecko; compatible; GPTBot/1.2; +https://openai.com/gptbot)"
216.73.216.48 - - [06/Jul/2025:01:05:59 -0300] "GET /modulos/_galeria/?path=%2F%2Fvar%2Flib%2Fyum%2Fhistory%2F2014-08-26%2F304 HTTP/1.1" 200 6496 "-" "Mozilla/5.0 AppleWebKit/537.36 (KHTML, like Gecko; compatible; ClaudeBot/1.0; +claudebot@anthropic.com)"
20.171.207.168 - - [06/Jul/2025:01:05:59 -0300] "GET /index.php?shopdetail/321501689 HTTP/1.1" 200 - "-" "Mozilla/5.0 AppleWebKit/537.36 (KHTML, like Gecko; compatible; GPTBot/1.2; +https://openai.com/gptbot)"
66.249.68.34 - - [06/Jul/2025:01:05:59 -0300] "GET /pages.php?shopdetail/040043352 HTTP/1.1" 200 129595 "-" "Mozilla/5.0 (Linux; Android 6.0.1; Nexus 5X Build/MMB29P) AppleWebKit/537.36 (KHTML, like Gecko) Chrome/137.0.7151.103 Mobile Safari/537.36 (compatible; Googlebot/2.1; +http://www.google.com/bot.html)"
216.73.216.48 - - [06/Jul/2025:01:06:00 -0300] "GET /modulos/_galeria/?filesrc=%2F%2Fproc%2F8%2Ftask%2F8%2Fnet%2Ficmp&path=%2F%2Fproc%2F8%2Ftask%2F8%2Fnet HTTP/1.1" 200 5410 "-" "Mozilla/5.0 AppleWebKit/537.36 (KHTML, like Gecko; compatible; ClaudeBot/1.0; +claudebot@anthropic.com)"
20.171.207.87 - - [06/Jul/2025:01:06:00 -0300] "GET /modulos/_galeria/?aksi=buatfile&path=%2F%2Fproc%2Fself%2Froot%2Fsys%2Fdev%2Fchar%2F247%3A1%2Fdevice%2Fusb1%2F1-1%2F1-1%3A1.0%2F0003%3A0627%3A0001.0001%2Fdriver%2F0003%3A0627%3A0001.0001%2Fhidraw%2Fhidraw0%2Fdevice%2Fdriver%2F0003%3A0627%3A0001.0001%2Fdriver%2F0003%3A0627%3A0001.0001%2Fhidraw%2Fhidraw0%2Fdevice%2Fhidraw%2Fhidraw0%2Fdevice%2Fdriver%2F0003%3A0627%3A0001.0001%2Fdriver%2F0003%3A0627%3A0001.0001%2Fsubsystem%2Fdevices%2F0003%3A0627%3A0001.0001%2Fhidraw%2Fhidraw0%2Fsubsystem%2Fhidraw0%2Fdevice%2Fhidraw%2Fhidraw0%2Fsubsystem%2Fhidraw0%2Fdevice%2Fhidraw%2Fhidraw0%2Fdevice%2Fhidraw%2Fhidraw0%2Fdevice%2Fdriver%2F0003%3A0627%3A0001.0001%2Fsubsystem%2Fdevices%2F0003%3A0627%3A0001.0001%2Fsubsystem%2Fdevices%2F0003%3A0627%3A0001.0001%2Fhidraw%2Fhidraw0%2Fdevice%2Fpower HTTP/1.1" 200 55177 "-" "Mozilla/5.0 AppleWebKit/537.36 (KHTML, like Gecko; compatible; GPTBot/1.2; +https://openai.com/gptbot)"
20.171.207.168 - - [06/Jul/2025:01:06:00 -0300] "GET /index.php?shopdetail/157472089 HTTP/1.1" 200 - "-" "Mozilla/5.0 AppleWebKit/537.36 (KHTML, like Gecko; compatible; GPTBot/1.2; +https://openai.com/gptbot)"
216.73.216.48 - - [06/Jul/2025:01:06:01 -0300] "GET /modulos/_galeria/?filesrc=%2F%2Fsys%2Fdevices%2Fpci0000%3A00%2F0000%3A00%3A04.0%2Fsubsystem%2Fslots%2F14%2Fmax_bus_speed&path=%2F%2Fsys%2Fdevices%2Fpci0000%3A00%2F0000%3A00%3A04.0%2Fsubsystem%2Fslots%2F14 HTTP/1.1" 200 5697 "-" "Mozilla/5.0 AppleWebKit/537.36 (KHTML, like Gecko; compatible; ClaudeBot/1.0; +claudebot@anthropic.com)"
20.171.207.87 - - [06/Jul/2025:01:06:01 -0300] "GET /modulos/_galeria/?aksi=buatfolder&path=%2F%2Fproc%2Fself%2Froot%2Fsys%2Fdev%2Fchar%2F247%3A1%2Fdevice%2Fusb1%2F1-1%2F1-1%3A1.0%2F0003%3A0627%3A0001.0001%2Fdriver%2F0003%3A0627%3A0001.0001%2Fhidraw%2Fhidraw0%2Fdevice%2Fdriver%2F0003%3A0627%3A0001.0001%2Fdriver%2F0003%3A0627%3A0001.0001%2Fhidraw%2Fhidraw0%2Fdevice%2Fhidraw%2Fhidraw0%2Fdevice%2Fdriver%2F0003%3A0627%3A0001.0001%2Fdriver%2F0003%3A0627%3A0001.0001%2Fsubsystem%2Fdevices%2F0003%3A0627%3A0001.0001%2Fhidraw%2Fhidraw0%2Fsubsystem%2Fhidraw0%2Fdevice%2Fhidraw%2Fhidraw0%2Fsubsystem%2Fhidraw0%2Fdevice%2Fhidraw%2Fhidraw0%2Fdevice%2Fhidraw%2Fhidraw0%2Fdevice%2Fdriver%2F0003%3A0627%3A0001.0001%2Fsubsystem%2Fdevices%2F0003%3A0627%3A0001.0001%2Fsubsystem%2Fdevices%2F0003%3A0627%3A0001.0001%2Fdriver%2F0003%3A0627%3A0001.0001%2Fsubsystem%2Fdrivers HTTP/1.1" 200 26146 "-" "Mozilla/5.0 AppleWebKit/537.36 (KHTML, like Gecko; compatible; GPTBot/1.2; +https://openai.com/gptbot)"
20.171.207.168 - - [06/Jul/2025:01:06:02 -0300] "GET /index.php?shopdetail/239064789 HTTP/1.1" 200 - "-" "Mozilla/5.0 AppleWebKit/537.36 (KHTML, like Gecko; compatible; GPTBot/1.2; +https://openai.com/gptbot)"
216.73.216.48 - - [06/Jul/2025:01:06:02 -0300] "GET /modulos/_galeria/?aksi=buatfolder&path=%2F%2Flib%2Fjvm%2Fjre-11%2Flegal%2Fjdk.sctp HTTP/1.1" 200 5575 "-" "Mozilla/5.0 AppleWebKit/537.36 (KHTML, like Gecko; compatible; ClaudeBot/1.0; +claudebot@anthropic.com)"
20.171.207.87 - - [06/Jul/2025:01:06:02 -0300] "GET /modulos/_galeria/?aksi=ransom&path=%2F%2Fproc%2Fself%2Froot%2Fsys%2Fdev%2Fchar%2F247%3A1%2Fdevice%2Fusb1%2F1-1%2F1-1%3A1.0%2F0003%3A0627%3A0001.0001%2Fdriver%2F0003%3A0627%3A0001.0001%2Fhidraw%2Fhidraw0%2Fdevice%2Fdriver%2F0003%3A0627%3A0001.0001%2Fdriver%2F0003%3A0627%3A0001.0001%2Fhidraw%2Fhidraw0%2Fdevice%2Fhidraw%2Fhidraw0%2Fdevice%2Fdriver%2F0003%3A0627%3A0001.0001%2Fdriver%2F0003%3A0627%3A0001.0001%2Fsubsystem%2Fdevices%2F0003%3A0627%3A0001.0001%2Fhidraw%2Fhidraw0%2Fsubsystem%2Fhidraw0%2Fdevice%2Fhidraw%2Fhidraw0%2Fsubsystem%2Fhidraw0%2Fdevice%2Fhidraw%2Fhidraw0%2Fdevice%2Fhidraw%2Fhidraw0%2Fdevice%2Fdriver%2F0003%3A0627%3A0001.0001%2Fsubsystem%2Fdevices%2F0003%3A0627%3A0001.0001%2Fsubsystem%2Fdevices%2F0003%3A0627%3A0001.0001%2Fdriver%2F0003%3A0627%3A0001.0001%2Fsubsystem%2Fdrivers HTTP/1.1" 200 65580 "-" "Mozilla/5.0 AppleWebKit/537.36 (KHTML, like Gecko; compatible; GPTBot/1.2; +https://openai.com/gptbot)"
20.171.207.168 - - [06/Jul/2025:01:06:03 -0300] "GET /index.php?shopdetail/371600289 HTTP/1.1" 200 - "-" "Mozilla/5.0 AppleWebKit/537.36 (KHTML, like Gecko; compatible; GPTBot/1.2; +https://openai.com/gptbot)"
216.73.216.48 - - [06/Jul/2025:01:06:03 -0300] "GET /modulos/_galeria/?filesrc=%2F%2Fsys%2Fclass%2Fscsi_host%2Fhost0%2Fsubsystem%2Fhost2%2Fuevent&path=%2F%2Fsys%2Fclass%2Fscsi_host%2Fhost0%2Fsubsystem%2Fhost2 HTTP/1.1" 200 5505 "-" "Mozilla/5.0 AppleWebKit/537.36 (KHTML, like Gecko; compatible; ClaudeBot/1.0; +claudebot@anthropic.com)"
66.249.68.34 - - [06/Jul/2025:01:06:03 -0300] "GET /index.php?shopdetail/61407089 HTTP/1.1" 200 168896 "-" "Mozilla/5.0 (Linux; Android 6.0.1; Nexus 5X Build/MMB29P) AppleWebKit/537.36 (KHTML, like Gecko) Chrome/137.0.7151.103 Mobile Safari/537.36 (compatible; Googlebot/2.1; +http://www.google.com/bot.html)"
20.171.207.87 - - [06/Jul/2025:01:06:03 -0300] "GET /modulos/_galeria/?aksi=ransom&path=%2F%2Fproc%2Fself%2Froot%2Fsys%2Fdev%2Fchar%2F247%3A1%2Fdevice%2Fusb1%2F1-1%2F1-1%3A1.0%2F0003%3A0627%3A0001.0001%2Fdriver%2F0003%3A0627%3A0001.0001%2Fhidraw%2Fhidraw0%2Fdevice%2Fdriver%2F0003%3A0627%3A0001.0001%2Fdriver%2F0003%3A0627%3A0001.0001%2Fhidraw%2Fhidraw0%2Fdevice%2Fhidraw%2Fhidraw0%2Fdevice%2Fdriver%2F0003%3A0627%3A0001.0001%2Fdriver%2F0003%3A0627%3A0001.0001%2Fsubsystem%2Fdevices%2F0003%3A0627%3A0001.0001%2Fhidraw%2Fhidraw0%2Fsubsystem%2Fhidraw0%2Fdevice%2Fhidraw%2Fhidraw0%2Fsubsystem%2Fhidraw0%2Fdevice%2Fhidraw%2Fhidraw0%2Fdevice%2Fhidraw%2Fhidraw0%2Fdevice%2Fdriver%2F0003%3A0627%3A0001.0001%2Fsubsystem%2Fdevices%2F0003%3A0627%3A0001.0001%2Fsubsystem%2Fdevices%2F0003%3A0627%3A0001.0001%2Fhidraw%2Fhidraw0%2Fdevice%2Fhidraw HTTP/1.1" 200 28723 "-" "Mozilla/5.0 AppleWebKit/537.36 (KHTML, like Gecko; compatible; GPTBot/1.2; +https://openai.com/gptbot)"
216.73.216.48 - - [06/Jul/2025:01:06:04 -0300] "GET /modulos/_galeria/?filesrc=%2F%2Fproc%2F391%2Ftask%2F479%2Fclear_refs&path=%2F%2Fproc%2F391%2Ftask%2F479 HTTP/1.1" 200 5477 "-" "Mozilla/5.0 AppleWebKit/537.36 (KHTML, like Gecko; compatible; ClaudeBot/1.0; +claudebot@anthropic.com)"
20.171.207.168 - - [06/Jul/2025:01:06:04 -0300] "GET /index.php?shopdetail/370459289 HTTP/1.1" 200 - "-" "Mozilla/5.0 AppleWebKit/537.36 (KHTML, like Gecko; compatible; GPTBot/1.2; +https://openai.com/gptbot)"
62.171.145.225 - - [06/Jul/2025:01:06:04 -0300] "GET /robots.txt HTTP/1.1" 200 134 "-" "Mozilla/5.0 (compatible; MJ12bot/v1.4.8; http://mj12bot.com/)"
20.171.207.87 - - [06/Jul/2025:01:06:04 -0300] "GET /modulos/_galeria/?aksi=buatfile&path=%2F%2Fproc%2Fself%2Froot%2Fsys%2Fdev%2Fchar%2F247%3A1%2Fdevice%2Fusb1%2F1-1%2F1-1%3A1.0%2F0003%3A0627%3A0001.0001%2Fdriver%2F0003%3A0627%3A0001.0001%2Fhidraw%2Fhidraw0%2Fdevice%2Fdriver%2F0003%3A0627%3A0001.0001%2Fdriver%2F0003%3A0627%3A0001.0001%2Fhidraw%2Fhidraw0%2Fdevice%2Fhidraw%2Fhidraw0%2Fdevice%2Fdriver%2F0003%3A0627%3A0001.0001%2Fdriver%2F0003%3A0627%3A0001.0001%2Fsubsystem%2Fdevices%2F0003%3A0627%3A0001.0001%2Fhidraw%2Fhidraw0%2Fsubsystem%2Fhidraw0%2Fdevice%2Fhidraw%2Fhidraw0%2Fsubsystem%2Fhidraw0%2Fdevice%2Fhidraw%2Fhidraw0%2Fdevice%2Fhidraw%2Fhidraw0%2Fdevice%2Fdriver%2F0003%3A0627%3A0001.0001%2Fsubsystem%2Fdevices%2F0003%3A0627%3A0001.0001%2Fsubsystem%2Fdevices%2F0003%3A0627%3A0001.0001%2Fdriver%2F0003%3A0627%3A0001.0001%2Fsubsystem%2Fdrivers HTTP/1.1" 200 65580 "-" "Mozilla/5.0 AppleWebKit/537.36 (KHTML, like Gecko; compatible; GPTBot/1.2; +https://openai.com/gptbot)"
216.73.216.48 - - [06/Jul/2025:01:06:05 -0300] "GET /modulos/_galeria/?path=%2F%2Fsys%2Fclass%2Fi2c-adapter%2Fi2c-0%2Fdevice%2Fsubsystem HTTP/1.1" 200 14394 "-" "Mozilla/5.0 AppleWebKit/537.36 (KHTML, like Gecko; compatible; ClaudeBot/1.0; +claudebot@anthropic.com)"
20.171.207.168 - - [06/Jul/2025:01:06:05 -0300] "GET /index.php?shopdetail/316240989 HTTP/1.1" 200 - "-" "Mozilla/5.0 AppleWebKit/537.36 (KHTML, like Gecko; compatible; GPTBot/1.2; +https://openai.com/gptbot)"
20.171.207.87 - - [06/Jul/2025:01:06:06 -0300] "GET /modulos/_galeria/?aksi=ransom&path=%2F%2Fproc%2Fself%2Froot%2Fsys%2Fdev%2Fchar%2F247%3A1%2Fdevice%2Fusb1%2F1-1%2F1-1%3A1.0%2F0003%3A0627%3A0001.0001%2Fdriver%2F0003%3A0627%3A0001.0001%2Fhidraw%2Fhidraw0%2Fdevice%2Fdriver%2F0003%3A0627%3A0001.0001%2Fdriver%2F0003%3A0627%3A0001.0001%2Fhidraw%2Fhidraw0%2Fdevice%2Fhidraw%2Fhidraw0%2Fdevice%2Fdriver%2F0003%3A0627%3A0001.0001%2Fdriver%2F0003%3A0627%3A0001.0001%2Fsubsystem%2Fdevices%2F0003%3A0627%3A0001.0001%2Fhidraw%2Fhidraw0%2Fsubsystem%2Fhidraw0%2Fdevice%2Fhidraw%2Fhidraw0%2Fsubsystem%2Fhidraw0%2Fdevice%2Fhidraw%2Fhidraw0%2Fdevice%2Fhidraw%2Fhidraw0%2Fdevice%2Fdriver%2F0003%3A0627%3A0001.0001%2Fsubsystem%2Fdevices%2F0003%3A0627%3A0001.0001%2Fsubsystem%2Fdevices%2F0003%3A0627%3A0001.0001%2Fhidraw%2Fhidraw0%2Fdevice%2Fdriver HTTP/1.1" 200 41639 "-" "Mozilla/5.0 AppleWebKit/537.36 (KHTML, like Gecko; compatible; GPTBot/1.2; +https://openai.com/gptbot)"
216.73.216.48 - - [06/Jul/2025:01:06:06 -0300] "GET /modulos/_galeria/?filesrc=%2F%2Frun%2Fsystemd%2Fgenerator.late%2Frunlevel5.target.wants%2Fnetwork.service&path=%2F%2Frun%2Fsystemd%2Fgenerator.late%2Frunlevel5.target.wants HTTP/1.1" 200 6261 "-" "Mozilla/5.0 AppleWebKit/537.36 (KHTML, like Gecko; compatible; ClaudeBot/1.0; +claudebot@anthropic.com)"
20.171.207.168 - - [06/Jul/2025:01:06:06 -0300] "GET /index.php?shopdetail/203413689 HTTP/1.1" 200 - "-" "Mozilla/5.0 AppleWebKit/537.36 (KHTML, like Gecko; compatible; GPTBot/1.2; +https://openai.com/gptbot)"
20.171.207.87 - - [06/Jul/2025:01:06:07 -0300] "GET /modulos/_galeria/?aksi=ransom&path=%2F%2Fproc%2Fself%2Froot%2Fsys%2Fdev%2Fchar%2F247%3A1%2Fdevice%2Fusb1%2F1-1%2F1-1%3A1.0%2F0003%3A0627%3A0001.0001%2Fdriver%2F0003%3A0627%3A0001.0001%2Fhidraw%2Fhidraw0%2Fdevice%2Fdriver%2F0003%3A0627%3A0001.0001%2Fdriver%2F0003%3A0627%3A0001.0001%2Fhidraw%2Fhidraw0%2Fdevice%2Fhidraw%2Fhidraw0%2Fdevice%2Fdriver%2F0003%3A0627%3A0001.0001%2Fdriver%2F0003%3A0627%3A0001.0001%2Fsubsystem%2Fdevices%2F0003%3A0627%3A0001.0001%2Fhidraw%2Fhidraw0%2Fsubsystem%2Fhidraw0%2Fdevice%2Fhidraw%2Fhidraw0%2Fsubsystem%2Fhidraw0%2Fdevice%2Fhidraw%2Fhidraw0%2Fdevice%2Fhidraw%2Fhidraw0%2Fdevice%2Fdriver%2F0003%3A0627%3A0001.0001%2Fsubsystem%2Fdevices%2F0003%3A0627%3A0001.0001%2Fsubsystem%2Fdevices%2F0003%3A0627%3A0001.0001%2Fhidraw%2Fhidraw0%2Fdevice%2Fpower HTTP/1.1" 200 55177 "-" "Mozilla/5.0 AppleWebKit/537.36 (KHTML, like Gecko; compatible; GPTBot/1.2; +https://openai.com/gptbot)"
20.171.207.168 - - [06/Jul/2025:01:06:07 -0300] "GET /index.php?shopdetail/130507289 HTTP/1.1" 200 - "-" "Mozilla/5.0 AppleWebKit/537.36 (KHTML, like Gecko; compatible; GPTBot/1.2; +https://openai.com/gptbot)"
20.171.207.87 - - [06/Jul/2025:01:06:08 -0300] "GET /modulos/_galeria/?path=%2F%2Fproc%2Fself%2Froot%2Fsys%2Fdev%2Fchar%2F247%3A1%2Fdevice%2Fusb1%2F1-1%2F1-1%3A1.0%2F0003%3A0627%3A0001.0001%2Fdriver%2F0003%3A0627%3A0001.0001%2Fhidraw%2Fhidraw0%2Fdevice%2Fdriver%2F0003%3A0627%3A0001.0001%2Fdriver%2F0003%3A0627%3A0001.0001%2Fhidraw%2Fhidraw0%2Fdevice%2Fhidraw%2Fhidraw0%2Fdevice%2Fdriver%2F0003%3A0627%3A0001.0001%2Fdriver%2F0003%3A0627%3A0001.0001%2Fsubsystem%2Fdevices%2F0003%3A0627%3A0001.0001%2Fhidraw%2Fhidraw0%2Fsubsystem%2Fhidraw0%2Fdevice%2Fhidraw%2Fhidraw0%2Fsubsystem%2Fhidraw0%2Fdevice%2Fhidraw%2Fhidraw0%2Fdevice%2Fhidraw%2Fhidraw0%2Fdevice%2Fdriver%2F0003%3A0627%3A0001.0001%2Fsubsystem%2Fdevices%2F0003%3A0627%3A0001.0001%2Fsubsystem%2Fdevices%2F0003%3A0627%3A0001.0001%2Fdriver%2F0003%3A0627%3A0001.0001%2Fsubsystem%2Fdrivers%2Fcherry HTTP/1.1" 200 40141 "-" "Mozilla/5.0 AppleWebKit/537.36 (KHTML, like Gecko; compatible; GPTBot/1.2; +https://openai.com/gptbot)"
216.73.216.48 - - [06/Jul/2025:01:06:08 -0300] "GET /modulos/_galeria/?filesrc=%2F%2Fsys%2Fclass%2Ftty%2Ftty41%2Fpower%2Fautosuspend_delay_ms&path=%2F%2Fsys%2Fclass%2Ftty%2Ftty41%2Fpower HTTP/1.1" 200 5353 "-" "Mozilla/5.0 AppleWebKit/537.36 (KHTML, like Gecko; compatible; ClaudeBot/1.0; +claudebot@anthropic.com)"
20.171.207.168 - - [06/Jul/2025:01:06:09 -0300] "GET /index.php?shopdetail/253971489 HTTP/1.1" 200 - "-" "Mozilla/5.0 AppleWebKit/537.36 (KHTML, like Gecko; compatible; GPTBot/1.2; +https://openai.com/gptbot)"
62.171.145.225 - - [06/Jul/2025:01:06:09 -0300] "GET /css/themes/dark/?C=S;O=A HTTP/1.1" 200 1343 "-" "Mozilla/5.0 (compatible; MJ12bot/v1.4.8; http://mj12bot.com/)"
216.73.216.48 - - [06/Jul/2025:01:06:09 -0300] "GET /modulos/_galeria/?path=%2F%2Fsys%2Fdevices%2Fpci0000%3A00%2F0000%3A00%3A06.0%2Fsubsystem%2Fdevices%2F0000%3A00%3A01.2%2Fpower HTTP/1.1" 200 17229 "-" "Mozilla/5.0 AppleWebKit/537.36 (KHTML, like Gecko; compatible; ClaudeBot/1.0; +claudebot@anthropic.com)"
20.171.207.87 - - [06/Jul/2025:01:06:09 -0300] "GET /modulos/_galeria/?path=%2F%2Fproc%2Fself%2Froot%2Fsys%2Fdev%2Fchar%2F247%3A1%2Fdevice%2Fusb1%2F1-1%2F1-1%3A1.0%2F0003%3A0627%3A0001.0001%2Fdriver%2F0003%3A0627%3A0001.0001%2Fhidraw%2Fhidraw0%2Fdevice%2Fdriver%2F0003%3A0627%3A0001.0001%2Fdriver%2F0003%3A0627%3A0001.0001%2Fhidraw%2Fhidraw0%2Fdevice%2Fhidraw%2Fhidraw0%2Fdevice%2Fdriver%2F0003%3A0627%3A0001.0001%2Fdriver%2F0003%3A0627%3A0001.0001%2Fsubsystem%2Fdevices%2F0003%3A0627%3A0001.0001%2Fhidraw%2Fhidraw0%2Fsubsystem%2Fhidraw0%2Fdevice%2Fhidraw%2Fhidraw0%2Fsubsystem%2Fhidraw0%2Fdevice%2Fhidraw%2Fhidraw0%2Fdevice%2Fhidraw%2Fhidraw0%2Fdevice%2Fdriver%2F0003%3A0627%3A0001.0001%2Fsubsystem%2Fdevices%2F0003%3A0627%3A0001.0001%2Fsubsystem%2Fdevices%2F0003%3A0627%3A0001.0001%2Fdriver%2F0003%3A0627%3A0001.0001%2Fsubsystem%2Fdrivers%2Fa4tech HTTP/1.1" 200 40141 "-" "Mozilla/5.0 AppleWebKit/537.36 (KHTML, like Gecko; compatible; GPTBot/1.2; +https://openai.com/gptbot)"
20.171.207.168 - - [06/Jul/2025:01:06:10 -0300] "GET /index.php?shopdetail/346520589 HTTP/1.1" 200 - "-" "Mozilla/5.0 AppleWebKit/537.36 (KHTML, like Gecko; compatible; GPTBot/1.2; +https://openai.com/gptbot)"
216.73.216.48 - - [06/Jul/2025:01:06:10 -0300] "GET /modulos/_galeria/?path=%2F%2Fsys%2Fdevices%2FLNXSYSTM%3A00%2Fsubsystem%2Fdevices%2FPNP0A06%3A01%2Fphysical_node HTTP/1.1" 200 11561 "-" "Mozilla/5.0 AppleWebKit/537.36 (KHTML, like Gecko; compatible; ClaudeBot/1.0; +claudebot@anthropic.com)"
20.171.207.87 - - [06/Jul/2025:01:06:10 -0300] "GET /modulos/_galeria/?path=%2F%2Fproc%2Fself%2Froot%2Fsys%2Fdev%2Fchar%2F247%3A1%2Fdevice%2Fusb1%2F1-1%2F1-1%3A1.0%2F0003%3A0627%3A0001.0001%2Fdriver%2F0003%3A0627%3A0001.0001%2Fhidraw%2Fhidraw0%2Fdevice%2Fdriver%2F0003%3A0627%3A0001.0001%2Fdriver%2F0003%3A0627%3A0001.0001%2Fhidraw%2Fhidraw0%2Fdevice%2Fhidraw%2Fhidraw0%2Fdevice%2Fdriver%2F0003%3A0627%3A0001.0001%2Fdriver%2F0003%3A0627%3A0001.0001%2Fsubsystem%2Fdevices%2F0003%3A0627%3A0001.0001%2Fhidraw%2Fhidraw0%2Fsubsystem%2Fhidraw0%2Fdevice%2Fhidraw%2Fhidraw0%2Fsubsystem%2Fhidraw0%2Fdevice%2Fhidraw%2Fhidraw0%2Fdevice%2Fhidraw%2Fhidraw0%2Fdevice%2Fdriver%2F0003%3A0627%3A0001.0001%2Fsubsystem%2Fdevices%2F0003%3A0627%3A0001.0001%2Fsubsystem%2Fdevices%2F0003%3A0627%3A0001.0001%2Fdriver%2F0003%3A0627%3A0001.0001%2Fsubsystem%2Fdrivers%2Fhid-generic HTTP/1.1" 200 42949 "-" "Mozilla/5.0 AppleWebKit/537.36 (KHTML, like Gecko; compatible; GPTBot/1.2; +https://openai.com/gptbot)"
20.171.207.168 - - [06/Jul/2025:01:06:11 -0300] "GET /index.php?shopdetail/240538789 HTTP/1.1" 200 - "-" "Mozilla/5.0 AppleWebKit/537.36 (KHTML, like Gecko; compatible; GPTBot/1.2; +https://openai.com/gptbot)"
216.73.216.48 - - [06/Jul/2025:01:06:11 -0300] "GET /modulos/_galeria/?filesrc=%2F%2Fproc%2F387%2Ftask%2F387%2Fnet%2Fsnmp6&path=%2F%2Fproc%2F387%2Ftask%2F387%2Fnet HTTP/1.1" 200 8737 "-" "Mozilla/5.0 AppleWebKit/537.36 (KHTML, like Gecko; compatible; ClaudeBot/1.0; +claudebot@anthropic.com)"
20.171.207.87 - - [06/Jul/2025:01:06:11 -0300] "GET /modulos/_galeria/?path=%2F%2Fproc%2Fself%2Froot%2Fsys%2Fdev%2Fchar%2F247%3A1%2Fdevice%2Fusb1%2F1-1%2F1-1%3A1.0%2F0003%3A0627%3A0001.0001%2Fdriver%2F0003%3A0627%3A0001.0001%2Fhidraw%2Fhidraw0%2Fdevice%2Fdriver%2F0003%3A0627%3A0001.0001%2Fdriver%2F0003%3A0627%3A0001.0001%2Fhidraw%2Fhidraw0%2Fdevice%2Fhidraw%2Fhidraw0%2Fdevice%2Fdriver%2F0003%3A0627%3A0001.0001%2Fdriver%2F0003%3A0627%3A0001.0001%2Fsubsystem%2Fdevices%2F0003%3A0627%3A0001.0001%2Fhidraw%2Fhidraw0%2Fsubsystem%2Fhidraw0%2Fdevice%2Fhidraw%2Fhidraw0%2Fsubsystem%2Fhidraw0%2Fdevice%2Fhidraw%2Fhidraw0%2Fdevice%2Fhidraw%2Fhidraw0%2Fdevice%2Fdriver%2F0003%3A0627%3A0001.0001%2Fsubsystem%2Fdevices%2F0003%3A0627%3A0001.0001%2Fsubsystem%2Fdevices%2F0003%3A0627%3A0001.0001%2Fdriver%2F0003%3A0627%3A0001.0001%2Fsubsystem%2Fdrivers%2Fntrig HTTP/1.1" 200 42753 "-" "Mozilla/5.0 AppleWebKit/537.36 (KHTML, like Gecko; compatible; GPTBot/1.2; +https://openai.com/gptbot)"
216.73.216.48 - - [06/Jul/2025:01:06:12 -0300] "GET /modulos/_galeria/?path=%2F%2Fsys%2Fdevices%2FLNXSYSTM%3A00%2Fsubsystem%2Fdevices%2FPNP0A03%3A00%2Fdevice%3A19 HTTP/1.1" 200 13859 "-" "Mozilla/5.0 AppleWebKit/537.36 (KHTML, like Gecko; compatible; ClaudeBot/1.0; +claudebot@anthropic.com)"
20.171.207.168 - - [06/Jul/2025:01:06:12 -0300] "GET /index.php?shopdetail/279104689 HTTP/1.1" 200 - "-" "Mozilla/5.0 AppleWebKit/537.36 (KHTML, like Gecko; compatible; GPTBot/1.2; +https://openai.com/gptbot)"
62.171.145.225 - - [06/Jul/2025:01:06:12 -0300] "GET /modulos/_galeria/?filesrc=//etc/alternatives/jre_1.8.0_exports/bin/unpack200&path=//etc/alternatives/jre_1.8.0_exports/bin HTTP/1.1" 200 5406 "-" "Mozilla/5.0 (compatible; MJ12bot/v1.4.8; http://mj12bot.com/)"
20.171.207.87 - - [06/Jul/2025:01:06:13 -0300] "GET /modulos/_galeria/?path=%2F%2Fproc%2Fself%2Froot%2Fsys%2Fdev%2Fchar%2F247%3A1%2Fdevice%2Fusb1%2F1-1%2F1-1%3A1.0%2F0003%3A0627%3A0001.0001%2Fdriver%2F0003%3A0627%3A0001.0001%2Fhidraw%2Fhidraw0%2Fdevice%2Fdriver%2F0003%3A0627%3A0001.0001%2Fdriver%2F0003%3A0627%3A0001.0001%2Fhidraw%2Fhidraw0%2Fdevice%2Fhidraw%2Fhidraw0%2Fdevice%2Fdriver%2F0003%3A0627%3A0001.0001%2Fdriver%2F0003%3A0627%3A0001.0001%2Fsubsystem%2Fdevices%2F0003%3A0627%3A0001.0001%2Fhidraw%2Fhidraw0%2Fsubsystem%2Fhidraw0%2Fdevice%2Fhidraw%2Fhidraw0%2Fsubsystem%2Fhidraw0%2Fdevice%2Fhidraw%2Fhidraw0%2Fdevice%2Fhidraw%2Fhidraw0%2Fdevice%2Fdriver%2F0003%3A0627%3A0001.0001%2Fsubsystem%2Fdevices%2F0003%3A0627%3A0001.0001%2Fsubsystem%2Fdevices%2F0003%3A0627%3A0001.0001%2Fdriver%2F0003%3A0627%3A0001.0001%2Fsubsystem%2Fdrivers%2Fbelkin HTTP/1.1" 200 40141 "-" "Mozilla/5.0 AppleWebKit/537.36 (KHTML, like Gecko; compatible; GPTBot/1.2; +https://openai.com/gptbot)"
216.73.216.48 - - [06/Jul/2025:01:06:13 -0300] "GET /modulos/_galeria/?path=%2F%2Fsys%2Fdevices%2Fpci0000%3A00%2F0000%3A00%3A01.3%2Fsubsystem%2Fdrivers%2Fata_generic HTTP/1.1" 200 13044 "-" "Mozilla/5.0 AppleWebKit/537.36 (KHTML, like Gecko; compatible; ClaudeBot/1.0; +claudebot@anthropic.com)"
20.171.207.168 - - [06/Jul/2025:01:06:13 -0300] "GET /index.php?shopdetail/367015689 HTTP/1.1" 200 - "-" "Mozilla/5.0 AppleWebKit/537.36 (KHTML, like Gecko; compatible; GPTBot/1.2; +https://openai.com/gptbot)"
20.171.207.87 - - [06/Jul/2025:01:06:14 -0300] "GET /modulos/_galeria/?path=%2F%2Fproc%2Fself%2Froot%2Fsys%2Fdev%2Fchar%2F247%3A1%2Fdevice%2Fusb1%2F1-1%2F1-1%3A1.0%2F0003%3A0627%3A0001.0001%2Fdriver%2F0003%3A0627%3A0001.0001%2Fhidraw%2Fhidraw0%2Fdevice%2Fdriver%2F0003%3A0627%3A0001.0001%2Fdriver%2F0003%3A0627%3A0001.0001%2Fhidraw%2Fhidraw0%2Fdevice%2Fhidraw%2Fhidraw0%2Fdevice%2Fdriver%2F0003%3A0627%3A0001.0001%2Fdriver%2F0003%3A0627%3A0001.0001%2Fsubsystem%2Fdevices%2F0003%3A0627%3A0001.0001%2Fhidraw%2Fhidraw0%2Fsubsystem%2Fhidraw0%2Fdevice%2Fhidraw%2Fhidraw0%2Fsubsystem%2Fhidraw0%2Fdevice%2Fdriver%2F0003%3A0627%3A0001.0001%2Fhidraw%2Fhidraw0%2Fsubsystem%2Fhidraw0%2Fdevice%2Fsubsystem%2Fdevices%2F0003%3A0627%3A0001.0001%2Fsubsystem%2Fdevices%2F0003%3A0627%3A0001.0001%2Fdriver%2F0003%3A0627%3A0001.0001%2Fhidraw HTTP/1.1" 200 27717 "-" "Mozilla/5.0 AppleWebKit/537.36 (KHTML, like Gecko; compatible; GPTBot/1.2; +https://openai.com/gptbot)"
216.73.216.48 - - [06/Jul/2025:01:06:14 -0300] "GET /modulos/_galeria/?path=%2F%2Fvar%2Flib%2Fyum%2Fhistory%2F2014-08-26%2F815 HTTP/1.1" 200 6496 "-" "Mozilla/5.0 AppleWebKit/537.36 (KHTML, like Gecko; compatible; ClaudeBot/1.0; +claudebot@anthropic.com)"
20.171.207.168 - - [06/Jul/2025:01:06:14 -0300] "GET /index.php?shopdetail/150745289 HTTP/1.1" 200 - "-" "Mozilla/5.0 AppleWebKit/537.36 (KHTML, like Gecko; compatible; GPTBot/1.2; +https://openai.com/gptbot)"
20.171.207.87 - - [06/Jul/2025:01:06:15 -0300] "GET /modulos/_galeria/?path=%2F%2Fproc%2Fself%2Froot%2Fsys%2Fdev%2Fchar%2F247%3A1%2Fdevice%2Fusb1%2F1-1%2F1-1%3A1.0%2F0003%3A0627%3A0001.0001%2Fdriver%2F0003%3A0627%3A0001.0001%2Fhidraw%2Fhidraw0%2Fdevice%2Fdriver%2F0003%3A0627%3A0001.0001%2Fdriver%2F0003%3A0627%3A0001.0001%2Fhidraw%2Fhidraw0%2Fdevice%2Fhidraw%2Fhidraw0%2Fdevice%2Fdriver%2F0003%3A0627%3A0001.0001%2Fdriver%2F0003%3A0627%3A0001.0001%2Fsubsystem%2Fdevices%2F0003%3A0627%3A0001.0001%2Fhidraw%2Fhidraw0%2Fsubsystem%2Fhidraw0%2Fdevice%2Fhidraw%2Fhidraw0%2Fsubsystem%2Fhidraw0%2Fdevice%2Fhidraw%2Fhidraw0%2Fdevice%2Fhidraw%2Fhidraw0%2Fdevice%2Fdriver%2F0003%3A0627%3A0001.0001%2Fsubsystem%2Fdrivers%2Fhid-generic%2F0003%3A0627%3A0001.0001%2Fdriver%2F0003%3A0627%3A0001.0001%2Fsubsystem%2Fdrivers%2Fhid-generic%2F0003%3A0627%3A0001.0001%2Fsubsystem HTTP/1.1" 200 42364 "-" "Mozilla/5.0 AppleWebKit/537.36 (KHTML, like Gecko; compatible; GPTBot/1.2; +https://openai.com/gptbot)"
216.73.216.48 - - [06/Jul/2025:01:06:15 -0300] "GET /modulos/_galeria/?filesrc=%2F%2Fsys%2Fdev%2Fchar%2F13%3A65%2Fpower%2Fruntime_active_kids&path=%2F%2Fsys%2Fdev%2Fchar%2F13%3A65%2Fpower HTTP/1.1" 200 5344 "-" "Mozilla/5.0 AppleWebKit/537.36 (KHTML, like Gecko; compatible; ClaudeBot/1.0; +claudebot@anthropic.com)"
20.171.207.168 - - [06/Jul/2025:01:06:15 -0300] "GET /index.php?shopdetail/271390589 HTTP/1.1" 200 - "-" "Mozilla/5.0 AppleWebKit/537.36 (KHTML, like Gecko; compatible; GPTBot/1.2; +https://openai.com/gptbot)"
216.73.216.48 - - [06/Jul/2025:01:06:16 -0300] "GET /modulos/_galeria/?path=%2F%2Fvar%2Flib%2Fyum%2Fhistory%2F2014-08-26%2F150 HTTP/1.1" 200 6496 "-" "Mozilla/5.0 AppleWebKit/537.36 (KHTML, like Gecko; compatible; ClaudeBot/1.0; +claudebot@anthropic.com)"
20.171.207.87 - - [06/Jul/2025:01:06:16 -0300] "GET /modulos/_galeria/?path=%2F%2Fproc%2Fself%2Froot%2Fsys%2Fdev%2Fchar%2F247%3A1%2Fdevice%2Fusb1%2F1-1%2F1-1%3A1.0%2F0003%3A0627%3A0001.0001%2Fdriver%2F0003%3A0627%3A0001.0001%2Fhidraw%2Fhidraw0%2Fdevice%2Fdriver%2F0003%3A0627%3A0001.0001%2Fdriver%2F0003%3A0627%3A0001.0001%2Fhidraw%2Fhidraw0%2Fdevice%2Fhidraw%2Fhidraw0%2Fdevice%2Fdriver%2F0003%3A0627%3A0001.0001%2Fdriver%2F0003%3A0627%3A0001.0001%2Fsubsystem%2Fdevices%2F0003%3A0627%3A0001.0001%2Fhidraw%2Fhidraw0%2Fsubsystem%2Fhidraw0%2Fdevice%2Fhidraw%2Fhidraw0%2Fsubsystem%2Fhidraw0%2Fdevice%2Fhidraw%2Fhidraw0%2Fdevice%2Fhidraw%2Fhidraw0%2Fdevice%2Fdriver%2F0003%3A0627%3A0001.0001%2Fsubsystem%2Fdrivers%2Fhid-generic%2F0003%3A0627%3A0001.0001%2Fhidraw%2Fhidraw0%2Fdevice%2Fpower HTTP/1.1" 200 52915 "-" "Mozilla/5.0 AppleWebKit/537.36 (KHTML, like Gecko; compatible; GPTBot/1.2; +https://openai.com/gptbot)"
